*3 + 2*w - 8*w. Determine f(8).
6
Let s(r) = -7. Let l(d) = -d - 1. Let g(h) = 3*l(h) + s(h). What is g(-4)?
2
Let v be 3*(272/(-12))/17. Let n(b) = 4*b**2 - b - 1. Give n(v).
67
Suppose -4*h = -2*h - 10. Let n = 45 - 39. Let l(z) = 6*z - 24 - z**2 + n + 15. Give l(h).
2
Let b be 32/7 - (1380/(-84) + 17). Let k(i) = -2*i**2 + 3*i. Calculate k(b).
-20
Let i(m) = -m**3 + 5*m**2 - m + 1. Suppose -6*z - 147 + 3 = 0. Let f be 5/2*1/((-15)/z). Give i(f).
13
Let h(z) = -4*z**2 - 9*z - 6. Let a(f) = -11*f**2 - 26*f - 16. Let c(q) = -3*a(q) + 8*h(q). Let l be (-148)/20 - 4/(-10). What is c(l)?
7
Let f(h) be the first derivative of -7*h**2/2 + 48*h - 10. Give f(7).
-1
Let d(v) = -1705*v + 9 - 1706*v + 3410*v. Give d(9).
0
Let q(u) = u**2 - 6*u - 6. Let r = 57 - 49. Determine q(r).
10
Suppose 0 = 3*c - 2*w + 23, 146*c - 145*c + w + 1 = 0. Let g(s) = -2 - 5*s**2 + 0 - s**3 + 5. What is g(c)?
3
Let d(h) = -8*h + 2*h + 4 + 5*h**3 - 6*h**3 + 4*h**2 + 3*h - 2*h. Let v = 5 - 9. Let n = v - -7. Determine d(n).
-2
Let s be (92/(-24) - -5)*(-3)/(-7). Let f(l) be the second derivative of 1/3*l**3 + 0 + 6*l - s*l**2. Give f(-4).
-9
Let b(f) = 5*f**3 + 2*f**2 - 4*f - 5. Let d(l) = -3*l**3 - 3*l**2 + 3*l + 5. Let r(x) = 2*b(x) + 3*d(x). Give r(4).
-7
Suppose -28 + 40 = -3*x. Let z(i) = i**2 + 5*i - 6. What is z(x)?
-10
Suppose -5*a = -3*x + 24, 5*a + 31 = 5*x + 1. Let p be 7/a + 7/21. Let l(k) = -k - 2*k + 167 - 167. What is l(p)?
6
Let c(m) be the first derivative of -3*m + 1/20*m**5 + 3 + m**2 + 1/6*m**3 - 1/4*m**4. Let h(p) be the first derivative of c(p). Calculate h(3).
5
Let d(x) = x**2 - x - 5. Suppose 2*k = 6*b - 2*b + 16, b + 4 = -4*k. Give d(k).
-5
Let w = 24 - 15. Let x be (-60)/30 - (-1 + -13 - 1). Suppose x*z = w*z. Let n(j) = j**3 + j**2 + 1. Give n(z).
1
Let f(s) = -9*s**2 + 1. Let j = 6 - -1. Let r be 1/((3/j)/3). Let b(d) = -2*d + 13. Let y be b(r). What is f(y)?
-8
Let c = 21 - 17. Suppose 32 = -c*b - 0*b. Let k(u) = -u**2 - 7*u + 5. Determine k(b).
-3
Let o(s) be the third derivative of -1/12*s**4 + 1/120*s**6 + 0 - 1/2*s**3 + 0*s - 6*s**2 + 1/20*s**5. Determine o(-3).
3
Let o(c) = -2*c**3 - c**2 + c + 2. Let d(h) = -9*h**3 - 12*h**2 - 4*h - 4. Let u(m) = -d(m) + 4*o(m). Give u(-7).
5
Let f(q) = 7*q**3 + 3*q**2 - 10*q - 4. Let x(i) = -31*i**3 - 12*i**2 + 42*i + 15. Let n(l) = 9*f(l) + 2*x(l). Suppose 3 = -2*p - 5. Determine n(p).
2
Let n(i) be the second derivative of -5*i**3/6 + 2*i**2 - 17*i. Let m(v) = -5 + 6 + v - 2*v. Let f(s) = 4*m(s) - n(s). Calculate f(1).
1
Suppose -2*r + 3*t - 4 = -1, -2*r = 3*t - 15. Let w(x) = -7*x + 16*x**2 - 17*x**2 + x + r*x. Calculate w(-4).
-4
Let l be 110/(-33)*18/10. Let f be -1*12*((-76)/(-12) + l). Let m(u) = -u**2 - 7*u + 4. Calculate m(f).
16
Suppose 2*q - 10 = 4*w, 2*q + 4*w + 0*w = 2. Suppose 4*u - q*f - 6 = 0, 0 = -5*f + 1 + 9. Let g(p) = u + 3 - 2*p**2 + 6*p + p**2 + 0. What is g(6)?
6
Let q(j) be the third derivative of j**6/720 - 11*j**4/24 - 4*j**2. Let l(h) be the second derivative of q(h). Determine l(-6).
-6
Let h(l) = l**2 + 6*l + 1. Suppose 5*g + 19 + 6 = 0. Let n be 9/g*180/54. Give h(n).
1
Let z(i) = -10*i - 4. Let m be ((-10)/8)/(5/20*1). Let y(d) = -2*d + 2. Let k(b) = b - 3. Let a(c) = 5*k(c) + 6*y(c). Let s(p) = m*z(p) + 7*a(p). What is s(-3)?
-4
Suppose 2*o - b = 10, -2*b = -3*o - 0*o + 16. Suppose r + o = -r. Let z(p) = p**2 + 2*p + 2. Determine z(r).
2
Suppose 0 = -a - 2*m, -4*a - m + 8 = 1. Suppose 2*s - 10 - 14 = -f, s + a*f = 12. Let r(z) = z - s + 0*z + 4 - 3*z**3 + z**2 + 4*z**3. Calculate r(0).
-8
Let r(k) = k**3 + 5*k**2 - 4*k + 7. Let m(x) = 23*x - 36. Let v be m(6). Let j = -108 + v. Calculate r(j).
-5
Suppose 3*c - 2*c + 2*w - 37 = 0, -3*c - 4*w = -115. Suppose 4*m + l + 54 = 0, 0*l = -3*m - l - c. Let p(o) = -o**2 - 14*o - 9. Give p(m).
4
Let p(d) be the first derivative of -5*d**4/4 + d**2 - d + 3. Suppose -26*a + 39 = 13*a. Give p(a).
-4
Let v(s) be the first derivative of -s**2 + 24*s + 122. What is v(7)?
10
Let h(l) = 2*l + 4. Suppose -75 = -2*r - 2*r - 5*s, -r - 4*s + 27 = 0. Suppose -u = -3 - r. Suppose 2*j + 2*i = -u, -7 = 5*j - 5*i - 2. Calculate h(j).
-6
Suppose 6*r + 3 + 45 = 0. Let k(p) = 2*p + 10. Calculate k(r).
-6
Let o be 15/20*(-12)/(-9). Let x(j) be the second derivative of 17*j**4/12 + j**3/6 - j**2/2 - 6*j. Calculate x(o).
17
Suppose 4 = 31*q - 30*q. Let c(r) = 2 - q*r - 10 + 3 + 1. Give c(-3).
8
Let n(f) be the third derivative of -3*f**4/8 + f**3/3 + 366*f**2. Give n(1).
-7
Let s = 26 - 9. Suppose 2*r = 3*w - 4*w - 6, -s = -3*w + r. Suppose -k = 3*h + 3*k + 32, -w*k - 16 = -h. Let z(t) = 2*t**2 + 6*t. What is z(h)?
8
Let h(o) be the second derivative of -o**4/12 - 5*o**3/3 - 6*o**2 + 405*o. Suppose -3*n + 8*n + 31 = 3*b, 4*b = -12. Give h(n).
4
Suppose 5*x = -4*b + 12 - 3, 0 = 2*b - 3*x - 21. Let i(g) be the first derivative of -g**3/3 + 5*g**2/2 - g + 291. Determine i(b).
-7
Let u(h) = 9*h - 8. Let k be u(1). Let g(w) be the third derivative of w**5/10 + w**4/12 - w**3/6 - w**2. Give g(k).
7
Let q(y) = -7*y - 21. Let w(v) = -v + 12. Let l be w(8). Let t(x) = -1 + 14 + 3*x - 3. Let b(k) = l*q(k) + 9*t(k). What is b(5)?
1
Let d(v) be the second derivative of v**4/8 - v**3/3 - 17*v**2 - 26*v. Let b(i) be the first derivative of d(i). What is b(-3)?
-11
Let u = -41 + 40. Let n(w) = -w**3 + w**2 - 1. Let j be n(u). Let d(g) = 4*g**2 - 1. Calculate d(j).
3
Let y(z) = 3*z + 1. Let c(u) = -2*u**2 - 23*u - 6. Let w(i) = c(i) + 5*y(i). What is w(-6)?
-25
Let s(f) be the second derivative of -1/6*f**3 - f**2 - 1/120*f**6 - 1/12*f**4 + 0 - 9*f + 1/12*f**5. Let y(z) be the first derivative of s(z). What is y(4)?
7
Suppose -2*f + 34 = 2*u, -3*f - 5*u + 72 = 17. Let a(i) = i**2 - 14*i - 18. Determine a(f).
-3
Let h(g) = g - 3. Let d(w) = w - 5. Let c(t) = 7*d(t) - 4*h(t). Calculate c(8).
1
Let r = 43 + -22. Let o = r + -20. Let b(h) = -o - 3*h**3 - 3*h**2 + 6*h - 1 - 2*h + 4*h**3. Determine b(2).
2
Let g(q) = q**3 + 7*q**2 + q - 6. Let b be ((-48)/(-28))/((-14)/49). Give g(b).
24
Let j(z) be the first derivative of z**3/3 + 5*z**2/2 - 202. What is j(-4)?
-4
Suppose -2*h - 3 = -15. Let b(i) = 5*i**3 - 10*i**2 + 4*i + 9. Let z(g) = -g**3 + g**2 - g - 1. Let x(m) = b(m) + 4*z(m). Calculate x(h).
5
Let d(t) = t**2 - 89*t + 13. Let k(a) = a**2 - 41*a + 6. Let j(g) = -6*d(g) + 13*k(g). What is j(-1)?
6
Let z(v) be the second derivative of -1/6*v**3 + 0 + 1/2*v**2 + 11*v. Calculate z(0).
1
Suppose 3*n + 4 = 10. Suppose -4*z = -n*z - 14. Let f(y) = -10*y - z + 21*y - 8*y. Give f(5).
8
Let x(v) = -2 + 4 - 4*v + 2. Suppose -3*a + 4*a = 0. Suppose -5*z - 3*k - 3 = -3*z, a = -4*z - 4*k. Give x(z).
-8
Suppose 2*z + u + 4*u + 15 = 0, -3*u - 85 = 5*z. Let q(j) = -j**3 - 20*j**2 + j + 26. Give q(z).
6
Let k(s) = -s**3 - 9*s**2 - 9*s - 12. Let g = -2 - -4. Let r(n) = -7*n**2 + n + 2. Let t be r(1). Let m be g/(2*t/32). What is k(m)?
-4
Let h(b) = 61*b - 243*b + 59*b + 4 + 61*b + 63*b. What is h(7)?
11
Let t(b) = -b**2 - b. Let g(m) = 5*m**2 + 4*m + 15. Let x(l) = g(l) + 4*t(l). Let n be (0*1/(-1))/(-2). Determine x(n).
15
Let c be (-34)/4 + (-4)/8. Let b(m) = 5 - 11*m + 3*m + 7 + m**2 + 19*m - 1. Determine b(c).
-7
Let u = -94 + 161. Let y = u - 59. Let q(h) = -2*h + 8. What is q(y)?
-8
Let a(x) = -x**3 - 6*x**2 - 4*x + 6. Let s be (5/(-1))/(54/(-9) - -7). What is a(s)?
1
Let i(q) = -47*q**2 + 7*q - 5. Let x(h) = -125*h**2 + 19*h - 14. Let f(m) = 8*i(m) - 3*x(m). Suppose 4*d = 4, 3*d = -2*b - 2*d - 1. Give f(b).
-4
Suppose 3*l + 5*t + 0*t = 5, 0 = t - 1. Let y(i) = -1 - 3 + 1 + l + i. Suppose -4*x = x + 20, 8 = 4*h + x. Calculate y(h).
0
Suppose 17*x - 56 - 12 = 0. Let o(k) = -k**2 + 3*k + 2. Calculate o(x).
-2
Let d(x) = x**3 + 6*x**2 - 7*x - 3. Suppose 0 = -2*j + 4 + 4, 3 = -q + 2*j. Suppose -7*f + 3*f - 16 = -4*o, q = f - 4*o. What is d(f)?
-3
Suppose 4*r + 20 = 4*w - 3*w, -4 = -w. Suppose -34 = -5*y - 9. Let i(v) = 1 - y + 0 + 3 - v. Determine i(r).
3
Let f be ((-12)/(-10))/((-2)/(-5)). Let j(t) = t**3 - 2*t. Let n(i) = 3*i**3 - 5*i**2 + 1. Let x(g) = -2*j(g) + n(g). Give x(f).
-5
Let f = -6 + 4. Let k(b) = 42*b + 159 - 159 - 39*b. Determine k(f).
-6
Let x(p) = p**2 + 14 - 5 - 13*p + 5. Let v be x(12). Let u(q) = -9*q**2 + q**2 + 7*q**v - 6 - 2*q + 8*q. What is u(6)?
-6
Let c(t)